{"id":206,"date":"2020-01-09T06:42:48","date_gmt":"2020-01-09T06:42:48","guid":{"rendered":"https:\/\/luminaconsultoria.net\/inicio\/about-2\/"},"modified":"2021-02-14T18:59:10","modified_gmt":"2021-02-14T18:59:10","slug":"treinamento","status":"publish","type":"page","link":"https:\/\/luminaconsultoria.net\/inicio\/treinamento\/","title":{"rendered":"Treinamento"},"content":{"rendered":"\t\t<div data-elementor-type=\"wp-page\" data-elementor-id=\"206\" class=\"elementor elementor-206\">\n\t\t\t\t\t\t<section class=\"elementor-section elementor-top-section elementor-element elementor-element-568fa8e elementor-section-height-full elementor-section-boxed elementor-section-height-default elementor-section-items-middle\" data-id=\"568fa8e\" data-element_type=\"section\" data-settings=\"{&quot;background_background&quot;:&quot;classic&quot;}\">\n\t\t\t\t\t\t\t<div class=\"elementor-background-overlay\"><\/div>\n\t\t\t\t\t\t\t<div class=\"elementor-container elementor-column-gap-no\">\n\t\t\t\t\t<div class=\"elementor-column elementor-col-33 elementor-top-column elementor-element elementor-element-2d1a695\" data-id=\"2d1a695\" data-element_type=\"column\" data-settings=\"{&quot;background_background&quot;:&quot;classic&quot;}\">\n\t\t\t<div class=\"elementor-widget-wrap elementor-element-populated\">\n\t\t\t\t\t\t<div class=\"elementor-element elementor-element-b5cf921 elementor-view-default elementor-widget elementor-widget-icon\" data-id=\"b5cf921\" data-element_type=\"widget\" data-widget_type=\"icon.default\">\n\t\t\t\t<div class=\"elementor-widget-container\">\n\t\t\t\t\t<div class=\"elementor-icon-wrapper\">\n\t\t\t<div class=\"elementor-icon\">\n\t\t\t<i aria-hidden=\"true\" class=\"auxicon2 auxicon2-arrows-down-double-chevron\"><\/i>\t\t\t<\/div>\n\t\t<\/div>\n\t\t\t\t<\/div>\n\t\t\t\t<\/div>\n\t\t\t\t\t<\/div>\n\t\t<\/div>\n\t\t\t\t<div class=\"elementor-column elementor-col-66 elementor-top-column elementor-element elementor-element-8310adb elementor-hidden-phone\" data-id=\"8310adb\" data-element_type=\"column\">\n\t\t\t<div class=\"elementor-widget-wrap\">\n\t\t\t\t\t\t\t<\/div>\n\t\t<\/div>\n\t\t\t\t\t<\/div>\n\t\t<\/section>\n\t\t\t\t<section class=\"elementor-section elementor-top-section elementor-element elementor-element-33812ae elementor-section-boxed elementor-section-height-default elementor-section-height-default\" data-id=\"33812ae\" data-element_type=\"section\">\n\t\t\t\t\t\t<div class=\"elementor-container elementor-column-gap-default\">\n\t\t\t\t\t<div class=\"elementor-column elementor-col-100 elementor-top-column elementor-element elementor-element-4473e53\" data-id=\"4473e53\" data-element_type=\"column\">\n\t\t\t<div class=\"elementor-widget-wrap\">\n\t\t\t\t\t\t\t<\/div>\n\t\t<\/div>\n\t\t\t\t\t<\/div>\n\t\t<\/section>\n\t\t\t\t<section class=\"elementor-section elementor-top-section elementor-element elementor-element-f46b27d elementor-section-content-middle elementor-section-boxed elementor-section-height-default elementor-section-height-default\" data-id=\"f46b27d\" data-element_type=\"section\" data-settings=\"{&quot;background_background&quot;:&quot;classic&quot;}\">\n\t\t\t\t\t\t\t<div class=\"elementor-background-overlay\"><\/div>\n\t\t\t\t\t\t\t<div class=\"elementor-container elementor-column-gap-no\">\n\t\t\t\t\t<div class=\"elementor-column elementor-col-33 elementor-top-column elementor-element elementor-element-794803e\" data-id=\"794803e\" data-element_type=\"column\">\n\t\t\t<div class=\"elementor-widget-wrap elementor-element-populated\">\n\t\t\t\t\t\t<div class=\"elementor-element elementor-element-9a2378f elementor-widget elementor-widget-image\" data-id=\"9a2378f\" data-element_type=\"widget\" data-widget_type=\"image.default\">\n\t\t\t\t<div class=\"elementor-widget-container\">\n\t\t\t\t\t\t\t\t\t\t\t\t\t<img src=\"https:\/\/luminaconsultoria.net\/inicio\/wp-content\/uploads\/2020\/11\/15.png\" title=\"15\" alt=\"15\" loading=\"lazy\" \/>\t\t\t\t\t\t\t\t\t\t\t\t\t<\/div>\n\t\t\t\t<\/div>\n\t\t\t\t<div class=\"elementor-element elementor-element-2fd6816 elementor-widget elementor-widget-text-editor\" data-id=\"2fd6816\" data-element_type=\"widget\" data-widget_type=\"text-editor.default\">\n\t\t\t\t<div class=\"elementor-widget-container\">\n\t\t\t\t\t\t\t<center><strong>Auditorias<\/strong> <strong>internas em sistemas de gesto<\/strong><br \/><strong>(ISO 9001, ISO 22000, ISO 17025, PBQP-H)<\/strong><\/center>\t\t\t\t\t\t<\/div>\n\t\t\t\t<\/div>\n\t\t\t\t\t<\/div>\n\t\t<\/div>\n\t\t\t\t<div class=\"elementor-column elementor-col-33 elementor-top-column elementor-element elementor-element-f75eb35\" data-id=\"f75eb35\" data-element_type=\"column\">\n\t\t\t<div class=\"elementor-widget-wrap elementor-element-populated\">\n\t\t\t\t\t\t<div class=\"elementor-element elementor-element-1ca31c8 elementor-widget elementor-widget-image\" data-id=\"1ca31c8\" data-element_type=\"widget\" data-widget_type=\"image.default\">\n\t\t\t\t<div class=\"elementor-widget-container\">\n\t\t\t\t\t\t\t\t\t\t\t\t\t<img src=\"https:\/\/luminaconsultoria.net\/inicio\/wp-content\/uploads\/2020\/11\/13.png\" title=\"13\" alt=\"13\" loading=\"lazy\" \/>\t\t\t\t\t\t\t\t\t\t\t\t\t<\/div>\n\t\t\t\t<\/div>\n\t\t\t\t<div class=\"elementor-element elementor-element-17d8537 elementor-widget elementor-widget-text-editor\" data-id=\"17d8537\" data-element_type=\"widget\" data-widget_type=\"text-editor.default\">\n\t\t\t\t<div class=\"elementor-widget-container\">\n\t\t\t\t\t\t\t<center><strong>Auditoria interna<\/strong><br \/><strong>em sistemas\u00a0HACCP<\/strong><\/center>\t\t\t\t\t\t<\/div>\n\t\t\t\t<\/div>\n\t\t\t\t\t<\/div>\n\t\t<\/div>\n\t\t\t\t<div class=\"elementor-column elementor-col-33 elementor-top-column elementor-element elementor-element-8c84b00\" data-id=\"8c84b00\" data-element_type=\"column\">\n\t\t\t<div class=\"elementor-widget-wrap elementor-element-populated\">\n\t\t\t\t\t\t<div class=\"elementor-element elementor-element-8254666 elementor-widget elementor-widget-image\" data-id=\"8254666\" data-element_type=\"widget\" data-widget_type=\"image.default\">\n\t\t\t\t<div class=\"elementor-widget-container\">\n\t\t\t\t\t\t\t\t\t\t\t\t\t<img src=\"https:\/\/luminaconsultoria.net\/inicio\/wp-content\/uploads\/2020\/11\/14.png\" title=\"14\" alt=\"14\" loading=\"lazy\" \/>\t\t\t\t\t\t\t\t\t\t\t\t\t<\/div>\n\t\t\t\t<\/div>\n\t\t\t\t<div class=\"elementor-element elementor-element-3ecdc20 elementor-widget elementor-widget-text-editor\" data-id=\"3ecdc20\" data-element_type=\"widget\" data-widget_type=\"text-editor.default\">\n\t\t\t\t<div class=\"elementor-widget-container\">\n\t\t\t\t\t\t\t<center><strong>Interpreta\u00e7ao de requisitos normativos<\/strong><br \/><strong>(ISO 9001, ISO 22000, ISO 17025, PBQP-H)<\/strong><\/center>\t\t\t\t\t\t<\/div>\n\t\t\t\t<\/div>\n\t\t\t\t\t<\/div>\n\t\t<\/div>\n\t\t\t\t\t<\/div>\n\t\t<\/section>\n\t\t\t\t<section class=\"elementor-section elementor-top-section elementor-element elementor-element-caddf42 elementor-section-content-middle elementor-section-boxed elementor-section-height-default elementor-section-height-default\" data-id=\"caddf42\" data-element_type=\"section\" data-settings=\"{&quot;background_background&quot;:&quot;classic&quot;}\">\n\t\t\t\t\t\t\t<div class=\"elementor-background-overlay\"><\/div>\n\t\t\t\t\t\t\t<div class=\"elementor-container elementor-column-gap-no\">\n\t\t\t\t\t<div class=\"elementor-column elementor-col-33 elementor-top-column elementor-element elementor-element-2d1df23\" data-id=\"2d1df23\" data-element_type=\"column\">\n\t\t\t<div class=\"elementor-widget-wrap elementor-element-populated\">\n\t\t\t\t\t\t<div class=\"elementor-element elementor-element-9fcdd6f elementor-widget elementor-widget-image\" data-id=\"9fcdd6f\" data-element_type=\"widget\" data-widget_type=\"image.default\">\n\t\t\t\t<div class=\"elementor-widget-container\">\n\t\t\t\t\t\t\t\t\t\t\t\t\t<img src=\"https:\/\/luminaconsultoria.net\/inicio\/wp-content\/uploads\/2020\/11\/12.png\" title=\"12\" alt=\"12\" loading=\"lazy\" \/>\t\t\t\t\t\t\t\t\t\t\t\t\t<\/div>\n\t\t\t\t<\/div>\n\t\t\t\t<div class=\"elementor-element elementor-element-427ebbe elementor-widget elementor-widget-text-editor\" data-id=\"427ebbe\" data-element_type=\"widget\" data-widget_type=\"text-editor.default\">\n\t\t\t\t<div class=\"elementor-widget-container\">\n\t\t\t\t\t\t\t<center><b>Mapeamento e padroniza\u00e7\u00e3o\u00a0de processos<\/b><\/center>\t\t\t\t\t\t<\/div>\n\t\t\t\t<\/div>\n\t\t\t\t\t<\/div>\n\t\t<\/div>\n\t\t\t\t<div class=\"elementor-column elementor-col-33 elementor-top-column elementor-element elementor-element-3121c7d\" data-id=\"3121c7d\" data-element_type=\"column\">\n\t\t\t<div class=\"elementor-widget-wrap elementor-element-populated\">\n\t\t\t\t\t\t<div class=\"elementor-element elementor-element-808759e elementor-widget elementor-widget-image\" data-id=\"808759e\" data-element_type=\"widget\" data-widget_type=\"image.default\">\n\t\t\t\t<div class=\"elementor-widget-container\">\n\t\t\t\t\t\t\t\t\t\t\t\t\t<img src=\"https:\/\/luminaconsultoria.net\/inicio\/wp-content\/uploads\/2020\/11\/11.png\" title=\"11\" alt=\"11\" loading=\"lazy\" \/>\t\t\t\t\t\t\t\t\t\t\t\t\t<\/div>\n\t\t\t\t<\/div>\n\t\t\t\t<div class=\"elementor-element elementor-element-cd7986f elementor-widget elementor-widget-text-editor\" data-id=\"cd7986f\" data-element_type=\"widget\" data-widget_type=\"text-editor.default\">\n\t\t\t\t<div class=\"elementor-widget-container\">\n\t\t\t\t\t\t\t<center><strong>Metodologia de an\u00e1lise e<\/strong><br \/><strong>solu\u00e7\u00e3o de problemas (MASP)<\/strong><\/center>\t\t\t\t\t\t<\/div>\n\t\t\t\t<\/div>\n\t\t\t\t\t<\/div>\n\t\t<\/div>\n\t\t\t\t<div class=\"elementor-column elementor-col-33 elementor-top-column elementor-element elementor-element-aad0a1c\" data-id=\"aad0a1c\" data-element_type=\"column\">\n\t\t\t<div class=\"elementor-widget-wrap elementor-element-populated\">\n\t\t\t\t\t\t<div class=\"elementor-element elementor-element-3021eaa elementor-widget elementor-widget-image\" data-id=\"3021eaa\" data-element_type=\"widget\" data-widget_type=\"image.default\">\n\t\t\t\t<div class=\"elementor-widget-container\">\n\t\t\t\t\t\t\t\t\t\t\t\t\t<img src=\"https:\/\/luminaconsultoria.net\/inicio\/wp-content\/uploads\/2020\/11\/10.png\" title=\"10\" alt=\"10\" loading=\"lazy\" \/>\t\t\t\t\t\t\t\t\t\t\t\t\t<\/div>\n\t\t\t\t<\/div>\n\t\t\t\t<div class=\"elementor-element elementor-element-bf7a184 elementor-widget elementor-widget-text-editor\" data-id=\"bf7a184\" data-element_type=\"widget\" data-widget_type=\"text-editor.default\">\n\t\t\t\t<div class=\"elementor-widget-container\">\n\t\t\t\t\t\t\t<center><strong>Ferramentas <\/strong><br \/><strong>da qualidade<\/strong><\/center>\t\t\t\t\t\t<\/div>\n\t\t\t\t<\/div>\n\t\t\t\t\t<\/div>\n\t\t<\/div>\n\t\t\t\t\t<\/div>\n\t\t<\/section>\n\t\t\t\t<section class=\"elementor-section elementor-top-section elementor-element elementor-element-e428737 elementor-section-boxed elementor-section-height-default elementor-section-height-default\" data-id=\"e428737\" data-element_type=\"section\">\n\t\t\t\t\t\t<div class=\"elementor-container elementor-column-gap-default\">\n\t\t\t\t\t<div class=\"elementor-column elementor-col-50 elementor-top-column elementor-element elementor-element-dab3b55\" data-id=\"dab3b55\" data-element_type=\"column\" data-settings=\"{&quot;background_background&quot;:&quot;classic&quot;}\">\n\t\t\t<div class=\"elementor-widget-wrap\">\n\t\t\t\t\t<div class=\"elementor-background-overlay\"><\/div>\n\t\t\t\t\t\t\t<\/div>\n\t\t<\/div>\n\t\t\t\t<div class=\"elementor-column elementor-col-50 elementor-top-column elementor-element elementor-element-55e8450\" data-id=\"55e8450\" data-element_type=\"column\">\n\t\t\t<div class=\"elementor-widget-wrap elementor-element-populated\">\n\t\t\t\t\t\t<div class=\"elementor-element elementor-element-11b4a6b elementor-widget elementor-widget-text-editor\" data-id=\"11b4a6b\" data-element_type=\"widget\" data-widget_type=\"text-editor.default\">\n\t\t\t\t<div class=\"elementor-widget-container\">\n\t\t\t\t\t\t\t<p><b>\u2022 Formula\u00e7\u00e3o e gest\u00e3o da estrat\u00e9gia de neg\u00f3cios<\/b><\/p>\t\t\t\t\t\t<\/div>\n\t\t\t\t<\/div>\n\t\t\t\t<div class=\"elementor-element elementor-element-15f2609 elementor-widget elementor-widget-text-editor\" data-id=\"15f2609\" data-element_type=\"widget\" data-widget_type=\"text-editor.default\">\n\t\t\t\t<div class=\"elementor-widget-container\">\n\t\t\t\t\t\t\t<p><strong>\u2022 Princ\u00edpios b\u00e1sicos de lideran\u00e7a<\/strong><\/p>\t\t\t\t\t\t<\/div>\n\t\t\t\t<\/div>\n\t\t\t\t<div class=\"elementor-element elementor-element-17c73d8 elementor-widget elementor-widget-text-editor\" data-id=\"17c73d8\" data-element_type=\"widget\" data-widget_type=\"text-editor.default\">\n\t\t\t\t<div class=\"elementor-widget-container\">\n\t\t\t\t\t\t\t<p><strong>\u2022 Avalia\u00e7\u00e3o de desempenho pela an\u00e1lise de indicadores<\/strong><\/p>\t\t\t\t\t\t<\/div>\n\t\t\t\t<\/div>\n\t\t\t\t<div class=\"elementor-element elementor-element-ae238bd elementor-widget elementor-widget-text-editor\" data-id=\"ae238bd\" data-element_type=\"widget\" data-widget_type=\"text-editor.default\">\n\t\t\t\t<div class=\"elementor-widget-container\">\n\t\t\t\t\t\t\t<p><strong>\u2022 Higiene para manipuladores de alimentos<\/strong><\/p>\t\t\t\t\t\t<\/div>\n\t\t\t\t<\/div>\n\t\t\t\t<div class=\"elementor-element elementor-element-247e264 elementor-widget elementor-widget-text-editor\" data-id=\"247e264\" data-element_type=\"widget\" data-widget_type=\"text-editor.default\">\n\t\t\t\t<div class=\"elementor-widget-container\">\n\t\t\t\t\t\t\t<p><strong>\u2022 An\u00e1lise de perigos e pontos cr\u00edticos de controle<\/strong><\/p>\t\t\t\t\t\t<\/div>\n\t\t\t\t<\/div>\n\t\t\t\t<div class=\"elementor-element elementor-element-150f71e elementor-widget elementor-widget-text-editor\" data-id=\"150f71e\" data-element_type=\"widget\" data-widget_type=\"text-editor.default\">\n\t\t\t\t<div class=\"elementor-widget-container\">\n\t\t\t\t\t\t\t<p><strong>\u2022 Fundamentos da produ\u00e7\u00e3o enxuta (lean manufacturing)<\/strong><\/p>\t\t\t\t\t\t<\/div>\n\t\t\t\t<\/div>\n\t\t\t\t\t<\/div>\n\t\t<\/div>\n\t\t\t\t\t<\/div>\n\t\t<\/section>\n\t\t\t\t<\/div>\n\t\t","protected":false},"excerpt":{"rendered":"<p>TREINAMENTO CONHE\u00c7A OS NOSSOS CURSOS\u00a0 CURSOS &#8221;IN COMPANY&#8221; Auditorias internas em sistemas de gesto(ISO 9001, ISO 22000, ISO 17025, PBQP-H) Auditoria internaem sistemas\u00a0HACCP Interpreta\u00e7ao de requisitos normativos(ISO 9001, ISO 22000, ISO 17025, PBQP-H) Mapeamento e padroniza\u00e7\u00e3o\u00a0de processos Metodologia de an\u00e1lise esolu\u00e7\u00e3o de problemas (MASP) Ferramentas da qualidade Outros cursos e treinamentos podem se personalizados ou [&hellip;]<\/p>\n","protected":false},"author":1,"featured_media":0,"parent":0,"menu_order":0,"comment_status":"closed","ping_status":"closed","template":"templates\/page-builder-content.php","meta":[],"yoast_head":"<!-- This site is optimized with the Yoast SEO plugin v20.6 - https:\/\/yoast.com\/wordpress\/plugins\/seo\/ -->\n<title>Treinamento - LUMINA<\/title>\n<meta name=\"robots\" content=\"index, follow, max-snippet:-1, max-image-preview:large, max-video-preview:-1\" \/>\n<link rel=\"canonical\" href=\"https:\/\/luminaconsultoria.net\/inicio\/treinamento\/\" \/>\n<meta property=\"og:locale\" content=\"pt_BR\" \/>\n<meta property=\"og:type\" content=\"article\" \/>\n<meta property=\"og:title\" content=\"Treinamento - LUMINA\" \/>\n<meta property=\"og:description\" content=\"TREINAMENTO CONHE\u00c7A OS NOSSOS CURSOS\u00a0 CURSOS &#8221;IN COMPANY&#8221; Auditorias internas em sistemas de gesto(ISO 9001, ISO 22000, ISO 17025, PBQP-H) Auditoria internaem sistemas\u00a0HACCP Interpreta\u00e7ao de requisitos normativos(ISO 9001, ISO 22000, ISO 17025, PBQP-H) Mapeamento e padroniza\u00e7\u00e3o\u00a0de processos Metodologia de an\u00e1lise esolu\u00e7\u00e3o de problemas (MASP) Ferramentas da qualidade Outros cursos e treinamentos podem se personalizados ou [&hellip;]\" \/>\n<meta property=\"og:url\" content=\"https:\/\/luminaconsultoria.net\/inicio\/treinamento\/\" \/>\n<meta property=\"og:site_name\" content=\"LUMINA\" \/>\n<meta property=\"article:publisher\" content=\"https:\/\/www.facebook.com\/luminafb\/\" \/>\n<meta property=\"article:modified_time\" content=\"2021-02-14T18:59:10+00:00\" \/>\n<meta property=\"og:image\" content=\"https:\/\/luminaconsultoria.net\/inicio\/wp-content\/uploads\/2021\/02\/pessoas02-1.png\" \/>\n<meta name=\"twitter:card\" content=\"summary_large_image\" \/>\n<meta name=\"twitter:label1\" content=\"Est. tempo de leitura\" \/>\n\t<meta name=\"twitter:data1\" content=\"1 minuto\" \/>\n<script type=\"application\/ld+json\" class=\"yoast-schema-graph\">{\"@context\":\"https:\/\/schema.org\",\"@graph\":[{\"@type\":\"WebPage\",\"@id\":\"https:\/\/luminaconsultoria.net\/inicio\/treinamento\/\",\"url\":\"https:\/\/luminaconsultoria.net\/inicio\/treinamento\/\",\"name\":\"Treinamento - LUMINA\",\"isPartOf\":{\"@id\":\"https:\/\/luminaconsultoria.net\/inicio\/#website\"},\"datePublished\":\"2020-01-09T06:42:48+00:00\",\"dateModified\":\"2021-02-14T18:59:10+00:00\",\"breadcrumb\":{\"@id\":\"https:\/\/luminaconsultoria.net\/inicio\/treinamento\/#breadcrumb\"},\"inLanguage\":\"pt-BR\",\"potentialAction\":[{\"@type\":\"ReadAction\",\"target\":[\"https:\/\/luminaconsultoria.net\/inicio\/treinamento\/\"]}]},{\"@type\":\"BreadcrumbList\",\"@id\":\"https:\/\/luminaconsultoria.net\/inicio\/treinamento\/#breadcrumb\",\"itemListElement\":[{\"@type\":\"ListItem\",\"position\":1,\"name\":\"In\u00edcio\",\"item\":\"https:\/\/luminaconsultoria.net\/inicio\/\"},{\"@type\":\"ListItem\",\"position\":2,\"name\":\"Treinamento\"}]},{\"@type\":\"WebSite\",\"@id\":\"https:\/\/luminaconsultoria.net\/inicio\/#website\",\"url\":\"https:\/\/luminaconsultoria.net\/inicio\/\",\"name\":\"LUMINA\",\"description\":\"Consultoria e Treinamento em Gest&atilde;o\",\"publisher\":{\"@id\":\"https:\/\/luminaconsultoria.net\/inicio\/#organization\"},\"potentialAction\":[{\"@type\":\"SearchAction\",\"target\":{\"@type\":\"EntryPoint\",\"urlTemplate\":\"https:\/\/luminaconsultoria.net\/inicio\/?s={search_term_string}\"},\"query-input\":\"required name=search_term_string\"}],\"inLanguage\":\"pt-BR\"},{\"@type\":\"Organization\",\"@id\":\"https:\/\/luminaconsultoria.net\/inicio\/#organization\",\"name\":\"LUMINA - Consultoria e Treinamento em Gest\u00e3o\",\"url\":\"https:\/\/luminaconsultoria.net\/inicio\/\",\"logo\":{\"@type\":\"ImageObject\",\"inLanguage\":\"pt-BR\",\"@id\":\"https:\/\/luminaconsultoria.net\/inicio\/#\/schema\/logo\/image\/\",\"url\":\"https:\/\/luminaconsultoria.net\/inicio\/wp-content\/uploads\/2021\/02\/Logo-Lumina_branca250-1.png\",\"contentUrl\":\"https:\/\/luminaconsultoria.net\/inicio\/wp-content\/uploads\/2021\/02\/Logo-Lumina_branca250-1.png\",\"width\":250,\"height\":69,\"caption\":\"LUMINA - Consultoria e Treinamento em Gest\u00e3o\"},\"image\":{\"@id\":\"https:\/\/luminaconsultoria.net\/inicio\/#\/schema\/logo\/image\/\"},\"sameAs\":[\"https:\/\/www.facebook.com\/luminafb\/\",\"https:\/\/www.instagram.com\/lumina_consultoria\/\"]}]}<\/script>\n<!-- \/ Yoast SEO plugin. -->","yoast_head_json":{"title":"Treinamento - LUMINA","robots":{"index":"index","follow":"follow","max-snippet":"max-snippet:-1","max-image-preview":"max-image-preview:large","max-video-preview":"max-video-preview:-1"},"canonical":"https:\/\/luminaconsultoria.net\/inicio\/treinamento\/","og_locale":"pt_BR","og_type":"article","og_title":"Treinamento - LUMINA","og_description":"TREINAMENTO CONHE\u00c7A OS NOSSOS CURSOS\u00a0 CURSOS &#8221;IN COMPANY&#8221; Auditorias internas em sistemas de gesto(ISO 9001, ISO 22000, ISO 17025, PBQP-H) Auditoria internaem sistemas\u00a0HACCP Interpreta\u00e7ao de requisitos normativos(ISO 9001, ISO 22000, ISO 17025, PBQP-H) Mapeamento e padroniza\u00e7\u00e3o\u00a0de processos Metodologia de an\u00e1lise esolu\u00e7\u00e3o de problemas (MASP) Ferramentas da qualidade Outros cursos e treinamentos podem se personalizados ou [&hellip;]","og_url":"https:\/\/luminaconsultoria.net\/inicio\/treinamento\/","og_site_name":"LUMINA","article_publisher":"https:\/\/www.facebook.com\/luminafb\/","article_modified_time":"2021-02-14T18:59:10+00:00","og_image":[{"url":"https:\/\/luminaconsultoria.net\/inicio\/wp-content\/uploads\/2021\/02\/pessoas02-1.png"}],"twitter_card":"summary_large_image","twitter_misc":{"Est. tempo de leitura":"1 minuto"},"schema":{"@context":"https:\/\/schema.org","@graph":[{"@type":"WebPage","@id":"https:\/\/luminaconsultoria.net\/inicio\/treinamento\/","url":"https:\/\/luminaconsultoria.net\/inicio\/treinamento\/","name":"Treinamento - LUMINA","isPartOf":{"@id":"https:\/\/luminaconsultoria.net\/inicio\/#website"},"datePublished":"2020-01-09T06:42:48+00:00","dateModified":"2021-02-14T18:59:10+00:00","breadcrumb":{"@id":"https:\/\/luminaconsultoria.net\/inicio\/treinamento\/#breadcrumb"},"inLanguage":"pt-BR","potentialAction":[{"@type":"ReadAction","target":["https:\/\/luminaconsultoria.net\/inicio\/treinamento\/"]}]},{"@type":"BreadcrumbList","@id":"https:\/\/luminaconsultoria.net\/inicio\/treinamento\/#breadcrumb","itemListElement":[{"@type":"ListItem","position":1,"name":"In\u00edcio","item":"https:\/\/luminaconsultoria.net\/inicio\/"},{"@type":"ListItem","position":2,"name":"Treinamento"}]},{"@type":"WebSite","@id":"https:\/\/luminaconsultoria.net\/inicio\/#website","url":"https:\/\/luminaconsultoria.net\/inicio\/","name":"LUMINA","description":"Consultoria e Treinamento em Gest&atilde;o","publisher":{"@id":"https:\/\/luminaconsultoria.net\/inicio\/#organization"},"potentialAction":[{"@type":"SearchAction","target":{"@type":"EntryPoint","urlTemplate":"https:\/\/luminaconsultoria.net\/inicio\/?s={search_term_string}"},"query-input":"required name=search_term_string"}],"inLanguage":"pt-BR"},{"@type":"Organization","@id":"https:\/\/luminaconsultoria.net\/inicio\/#organization","name":"LUMINA - Consultoria e Treinamento em Gest\u00e3o","url":"https:\/\/luminaconsultoria.net\/inicio\/","logo":{"@type":"ImageObject","inLanguage":"pt-BR","@id":"https:\/\/luminaconsultoria.net\/inicio\/#\/schema\/logo\/image\/","url":"https:\/\/luminaconsultoria.net\/inicio\/wp-content\/uploads\/2021\/02\/Logo-Lumina_branca250-1.png","contentUrl":"https:\/\/luminaconsultoria.net\/inicio\/wp-content\/uploads\/2021\/02\/Logo-Lumina_branca250-1.png","width":250,"height":69,"caption":"LUMINA - Consultoria e Treinamento em Gest\u00e3o"},"image":{"@id":"https:\/\/luminaconsultoria.net\/inicio\/#\/schema\/logo\/image\/"},"sameAs":["https:\/\/www.facebook.com\/luminafb\/","https:\/\/www.instagram.com\/lumina_consultoria\/"]}]}},"_links":{"self":[{"href":"https:\/\/luminaconsultoria.net\/inicio\/wp-json\/wp\/v2\/pages\/206"}],"collection":[{"href":"https:\/\/luminaconsultoria.net\/inicio\/wp-json\/wp\/v2\/pages"}],"about":[{"href":"https:\/\/luminaconsultoria.net\/inicio\/wp-json\/wp\/v2\/types\/page"}],"author":[{"embeddable":true,"href":"https:\/\/luminaconsultoria.net\/inicio\/wp-json\/wp\/v2\/users\/1"}],"replies":[{"embeddable":true,"href":"https:\/\/luminaconsultoria.net\/inicio\/wp-json\/wp\/v2\/comments?post=206"}],"version-history":[{"count":227,"href":"https:\/\/luminaconsultoria.net\/inicio\/wp-json\/wp\/v2\/pages\/206\/revisions"}],"predecessor-version":[{"id":1563,"href":"https:\/\/luminaconsultoria.net\/inicio\/wp-json\/wp\/v2\/pages\/206\/revisions\/1563"}],"wp:attachment":[{"href":"https:\/\/luminaconsultoria.net\/inicio\/wp-json\/wp\/v2\/media?parent=206"}],"curies":[{"name":"wp","href":"https:\/\/api.w.org\/{rel}","templated":true}]}}