{"id":269,"date":"2020-11-14T06:26:12","date_gmt":"2020-11-14T06:26:12","guid":{"rendered":"https:\/\/luminaconsultoria.net\/inicio\/?page_id=269"},"modified":"2021-02-14T19:00:10","modified_gmt":"2021-02-14T19:00:10","slug":"consultoria","status":"publish","type":"page","link":"https:\/\/luminaconsultoria.net\/inicio\/consultoria\/","title":{"rendered":"Consultoria"},"content":{"rendered":"\t\t<div data-elementor-type=\"wp-page\" data-elementor-id=\"269\" class=\"elementor elementor-269\">\n\t\t\t\t\t\t<section class=\"elementor-section elementor-top-section elementor-element elementor-element-568fa8e elementor-section-height-full elementor-section-boxed elementor-section-height-default elementor-section-items-middle\" data-id=\"568fa8e\" data-element_type=\"section\" data-settings=\"{&quot;background_background&quot;:&quot;classic&quot;}\">\n\t\t\t\t\t\t\t<div class=\"elementor-background-overlay\"><\/div>\n\t\t\t\t\t\t\t<div class=\"elementor-container elementor-column-gap-no\">\n\t\t\t\t\t<div class=\"elementor-column elementor-col-50 elementor-top-column elementor-element elementor-element-48d159f\" data-id=\"48d159f\" data-element_type=\"column\" data-settings=\"{&quot;background_background&quot;:&quot;classic&quot;}\">\n\t\t\t<div class=\"elementor-widget-wrap elementor-element-populated\">\n\t\t\t\t\t\t<div class=\"elementor-element elementor-element-883a6a4 elementor-view-default elementor-widget elementor-widget-icon\" data-id=\"883a6a4\" data-element_type=\"widget\" data-widget_type=\"icon.default\">\n\t\t\t\t<div class=\"elementor-widget-container\">\n\t\t\t\t\t<div class=\"elementor-icon-wrapper\">\n\t\t\t<div class=\"elementor-icon\">\n\t\t\t<i aria-hidden=\"true\" class=\"auxicon2 auxicon2-arrows-down-double-chevron\"><\/i>\t\t\t<\/div>\n\t\t<\/div>\n\t\t\t\t<\/div>\n\t\t\t\t<\/div>\n\t\t\t\t\t<\/div>\n\t\t<\/div>\n\t\t\t\t<div class=\"elementor-column elementor-col-50 elementor-top-column elementor-element elementor-element-8310adb elementor-hidden-phone\" data-id=\"8310adb\" data-element_type=\"column\">\n\t\t\t<div class=\"elementor-widget-wrap\">\n\t\t\t\t\t\t\t<\/div>\n\t\t<\/div>\n\t\t\t\t\t<\/div>\n\t\t<\/section>\n\t\t\t\t<section class=\"elementor-section elementor-top-section elementor-element elementor-element-1e3e9c3 elementor-section-content-middle elementor-section-boxed elementor-section-height-default elementor-section-height-default\" data-id=\"1e3e9c3\" data-element_type=\"section\" data-settings=\"{&quot;background_background&quot;:&quot;classic&quot;}\">\n\t\t\t\t\t\t\t<div class=\"elementor-background-overlay\"><\/div>\n\t\t\t\t\t\t\t<div class=\"elementor-container elementor-column-gap-narrow\">\n\t\t\t\t\t<div class=\"elementor-column elementor-col-33 elementor-top-column elementor-element elementor-element-9c9d789\" data-id=\"9c9d789\" data-element_type=\"column\">\n\t\t\t<div class=\"elementor-widget-wrap\">\n\t\t\t\t\t\t\t<\/div>\n\t\t<\/div>\n\t\t\t\t<div class=\"elementor-column elementor-col-66 elementor-top-column elementor-element elementor-element-38cf291\" data-id=\"38cf291\" data-element_type=\"column\">\n\t\t\t<div class=\"elementor-widget-wrap elementor-element-populated\">\n\t\t\t\t\t\t<div class=\"elementor-element elementor-element-4ef632c elementor-widget elementor-widget-text-editor\" data-id=\"4ef632c\" data-element_type=\"widget\" data-widget_type=\"text-editor.default\">\n\t\t\t\t<div class=\"elementor-widget-container\">\n\t\t\t\t\t\t\t<p><strong>Sistemas de Gest\u00e3o parecem desafios que n\u00e3o podem ser vencidos? Acha que isso n\u00e3o funciona em pequenas empresas? Quais s\u00e3o os benef\u00edcios de um Sistema de Gest\u00e3o?<\/strong><\/p><p>Conte com o apoio de um profissional com mais de 25 anos de experi\u00eancia nesta \u00e1rea, e ilumine suas ideias sobre o assunto.<\/p><p>Entre em contato conosco e saiba como podemos ajudar a iluminar sua gest\u00e3o.<\/p>\t\t\t\t\t\t<\/div>\n\t\t\t\t<\/div>\n\t\t\t\t\t<\/div>\n\t\t<\/div>\n\t\t\t\t\t<\/div>\n\t\t<\/section>\n\t\t\t\t<section class=\"elementor-section elementor-top-section elementor-element elementor-element-060e6cb elementor-section-content-middle elementor-section-boxed elementor-section-height-default elementor-section-height-default\" data-id=\"060e6cb\" data-element_type=\"section\" data-settings=\"{&quot;background_background&quot;:&quot;classic&quot;}\">\n\t\t\t\t\t\t\t<div class=\"elementor-background-overlay\"><\/div>\n\t\t\t\t\t\t\t<div class=\"elementor-container elementor-column-gap-narrow\">\n\t\t\t\t\t<div class=\"elementor-column elementor-col-33 elementor-top-column elementor-element elementor-element-fb08bc7\" data-id=\"fb08bc7\" data-element_type=\"column\">\n\t\t\t<div class=\"elementor-widget-wrap\">\n\t\t\t\t\t\t\t<\/div>\n\t\t<\/div>\n\t\t\t\t<div class=\"elementor-column elementor-col-66 elementor-top-column elementor-element elementor-element-de733e5\" data-id=\"de733e5\" data-element_type=\"column\">\n\t\t\t<div class=\"elementor-widget-wrap elementor-element-populated\">\n\t\t\t\t\t\t<div class=\"elementor-element elementor-element-b8333cd elementor-widget elementor-widget-text-editor\" data-id=\"b8333cd\" data-element_type=\"widget\" data-widget_type=\"text-editor.default\">\n\t\t\t\t<div class=\"elementor-widget-container\">\n\t\t\t\t\t\t\t<p><strong>O Planejamento Estrat\u00e9gico parece ser algo complicado, que s\u00f3 funciona para as grandes corpora\u00e7\u00f5es e que n\u00e3o d\u00e1 certo nas micro ou pequenas empresas?<\/strong><\/p><p>Ent\u00e3o permita-nos apresentar uma metodologia simples, vi\u00e1vel e funcional para aplicar esta ferramenta de gest\u00e3o que \u00e9 t\u00e3o importante para todas as organiza\u00e7\u00f5es, de todos os tipos e tamanhos, e usufruir dos benef\u00edcios que ela pode proporcionar. Basta entrar em contato conosco.<\/p>\t\t\t\t\t\t<\/div>\n\t\t\t\t<\/div>\n\t\t\t\t\t<\/div>\n\t\t<\/div>\n\t\t\t\t\t<\/div>\n\t\t<\/section>\n\t\t\t\t<section class=\"elementor-section elementor-top-section elementor-element elementor-element-ffcacde elementor-section-content-middle elementor-section-boxed elementor-section-height-default elementor-section-height-default\" data-id=\"ffcacde\" data-element_type=\"section\" data-settings=\"{&quot;background_background&quot;:&quot;classic&quot;}\">\n\t\t\t\t\t\t\t<div class=\"elementor-background-overlay\"><\/div>\n\t\t\t\t\t\t\t<div class=\"elementor-container elementor-column-gap-narrow\">\n\t\t\t\t\t<div class=\"elementor-column elementor-col-33 elementor-top-column elementor-element elementor-element-0274196\" data-id=\"0274196\" data-element_type=\"column\">\n\t\t\t<div class=\"elementor-widget-wrap\">\n\t\t\t\t\t\t\t<\/div>\n\t\t<\/div>\n\t\t\t\t<div class=\"elementor-column elementor-col-66 elementor-top-column elementor-element elementor-element-9b748c8\" data-id=\"9b748c8\" data-element_type=\"column\">\n\t\t\t<div class=\"elementor-widget-wrap elementor-element-populated\">\n\t\t\t\t\t\t<div class=\"elementor-element elementor-element-9f9009b elementor-widget elementor-widget-text-editor\" data-id=\"9f9009b\" data-element_type=\"widget\" data-widget_type=\"text-editor.default\">\n\t\t\t\t<div class=\"elementor-widget-container\">\n\t\t\t\t\t\t\t<p><strong>O que s\u00e3o indicadores de desempenho? Para que eles servem? De quantos deles uma organiza\u00e7\u00e3o precisa? Como definir quais indicadores s\u00e3o melhores para uma organiza\u00e7\u00e3o? De que forma eles devem ser gerenciados? De que forma eles podem ajudar na tomada de decis\u00e3o?<\/strong><\/p><p>Todas essas perguntas est\u00e3o relacionadas com a Avalia\u00e7\u00e3o do Desempenho Organizacional. Permita-nos ajud\u00e1-lo a responder essas e outra quest\u00f5es de forma pr\u00e1tica, simples e eficaz. Entre em contato conosco e saiba mais.<\/p>\t\t\t\t\t\t<\/div>\n\t\t\t\t<\/div>\n\t\t\t\t\t<\/div>\n\t\t<\/div>\n\t\t\t\t\t<\/div>\n\t\t<\/section>\n\t\t\t\t<section class=\"elementor-section elementor-top-section elementor-element elementor-element-e677954 elementor-section-content-middle elementor-section-boxed elementor-section-height-default elementor-section-height-default\" data-id=\"e677954\" data-element_type=\"section\" data-settings=\"{&quot;background_background&quot;:&quot;classic&quot;}\">\n\t\t\t\t\t\t\t<div class=\"elementor-background-overlay\"><\/div>\n\t\t\t\t\t\t\t<div class=\"elementor-container elementor-column-gap-narrow\">\n\t\t\t\t\t<div class=\"elementor-column elementor-col-33 elementor-top-column elementor-element elementor-element-198f033\" data-id=\"198f033\" data-element_type=\"column\">\n\t\t\t<div class=\"elementor-widget-wrap\">\n\t\t\t\t\t\t\t<\/div>\n\t\t<\/div>\n\t\t\t\t<div class=\"elementor-column elementor-col-66 elementor-top-column elementor-element elementor-element-e26777e\" data-id=\"e26777e\" data-element_type=\"column\">\n\t\t\t<div class=\"elementor-widget-wrap elementor-element-populated\">\n\t\t\t\t\t\t<div class=\"elementor-element elementor-element-4109c75 elementor-widget elementor-widget-text-editor\" data-id=\"4109c75\" data-element_type=\"widget\" data-widget_type=\"text-editor.default\">\n\t\t\t\t<div class=\"elementor-widget-container\">\n\t\t\t\t\t\t\t<p><strong>Como estruturar um Sistema de Gest\u00e3o da Seguran\u00e7a de Alimentos? J\u00e1 ouviu falar em FSSC 22000 ou ISO 22000? Sente dificuldade em lidar com as exig\u00eancias da legisla\u00e7\u00e3o do MAPA ou da ANVISA? As Boas Pr\u00e1ticas (BPF) e o Sistema APPCC (HACCP) est\u00e3o em dia?<\/strong><\/p><p>Conte com o apoio de um profissional com mais de 25 anos de experi\u00eancia nesta \u00e1rea, e descomplique essas quest\u00f5es na sua organiza\u00e7\u00e3o. Entre em contato conosco e saiba mais.<\/p>\t\t\t\t\t\t<\/div>\n\t\t\t\t<\/div>\n\t\t\t\t\t<\/div>\n\t\t<\/div>\n\t\t\t\t\t<\/div>\n\t\t<\/section>\n\t\t\t\t<section class=\"elementor-section elementor-top-section elementor-element elementor-element-0da53c4 elementor-section-content-middle elementor-section-boxed elementor-section-height-default elementor-section-height-default\" data-id=\"0da53c4\" data-element_type=\"section\" data-settings=\"{&quot;background_background&quot;:&quot;classic&quot;}\">\n\t\t\t\t\t\t\t<div class=\"elementor-background-overlay\"><\/div>\n\t\t\t\t\t\t\t<div class=\"elementor-container elementor-column-gap-narrow\">\n\t\t\t\t\t<div class=\"elementor-column elementor-col-33 elementor-top-column elementor-element elementor-element-701b978\" data-id=\"701b978\" data-element_type=\"column\">\n\t\t\t<div class=\"elementor-widget-wrap\">\n\t\t\t\t\t\t\t<\/div>\n\t\t<\/div>\n\t\t\t\t<div class=\"elementor-column elementor-col-66 elementor-top-column elementor-element elementor-element-272f80c\" data-id=\"272f80c\" data-element_type=\"column\">\n\t\t\t<div class=\"elementor-widget-wrap elementor-element-populated\">\n\t\t\t\t\t\t<div class=\"elementor-element elementor-element-26ecbc6 elementor-widget elementor-widget-text-editor\" data-id=\"26ecbc6\" data-element_type=\"widget\" data-widget_type=\"text-editor.default\">\n\t\t\t\t<div class=\"elementor-widget-container\">\n\t\t\t\t\t\t\t<p><strong>Gostaria de ter uma certifica\u00e7\u00e3o ISO 9001, mas acha complicado e n\u00e3o sabe por onde come\u00e7ar?<\/strong><\/p><p>E se voc\u00ea pudesse contar com o apoio de um profissional com mais de 25 anos de experi\u00eancia nessa \u00e1rea? Permita-nos ent\u00e3o mostrar como podemos ajudar na implanta\u00e7\u00e3o de um Sistema de Gest\u00e3o da Qualidade realmente vi\u00e1vel e \u00fatil, utilizando uma metodologia pr\u00e1tica e descomplicada. Entre em contato conosco e saiba mais.<\/p>\t\t\t\t\t\t<\/div>\n\t\t\t\t<\/div>\n\t\t\t\t\t<\/div>\n\t\t<\/div>\n\t\t\t\t\t<\/div>\n\t\t<\/section>\n\t\t\t\t<section class=\"elementor-section elementor-top-section elementor-element elementor-element-5fe8f4c elementor-section-content-middle elementor-section-boxed elementor-section-height-default elementor-section-height-default\" data-id=\"5fe8f4c\" data-element_type=\"section\" data-settings=\"{&quot;background_background&quot;:&quot;classic&quot;}\">\n\t\t\t\t\t\t\t<div class=\"elementor-background-overlay\"><\/div>\n\t\t\t\t\t\t\t<div class=\"elementor-container elementor-column-gap-narrow\">\n\t\t\t\t\t<div class=\"elementor-column elementor-col-33 elementor-top-column elementor-element elementor-element-25b7ce2\" data-id=\"25b7ce2\" data-element_type=\"column\">\n\t\t\t<div class=\"elementor-widget-wrap\">\n\t\t\t\t\t\t\t<\/div>\n\t\t<\/div>\n\t\t\t\t<div class=\"elementor-column elementor-col-66 elementor-top-column elementor-element elementor-element-2b260d8\" data-id=\"2b260d8\" data-element_type=\"column\">\n\t\t\t<div class=\"elementor-widget-wrap elementor-element-populated\">\n\t\t\t\t\t\t<div class=\"elementor-element elementor-element-eff8821 elementor-widget elementor-widget-text-editor\" data-id=\"eff8821\" data-element_type=\"widget\" data-widget_type=\"text-editor.default\">\n\t\t\t\t<div class=\"elementor-widget-container\">\n\t\t\t\t\t\t\t<p><strong>Precisa realizar auditorias internas da qualidade, mas n\u00e3o tem auditores internos capacitados para conduzi-las em Sistemas de Gest\u00e3o da Qualidade (ISO 9001, PBQP-H), Sistemas HACCP (APPCC), ou Sistemas de Gest\u00e3o da Seguran\u00e7a de Alimentos (ISO 22000)?<\/strong><\/p><p>Consulte-nos sobre a presta\u00e7\u00e3o de servi\u00e7os em auditorias internas e capacita\u00e7\u00e3o de auditores internos. Entre em contato conosco e saiba como podemos ajudar a iluminar suas auditorias.<\/p>\t\t\t\t\t\t<\/div>\n\t\t\t\t<\/div>\n\t\t\t\t\t<\/div>\n\t\t<\/div>\n\t\t\t\t\t<\/div>\n\t\t<\/section>\n\t\t\t\t<section class=\"elementor-section elementor-top-section elementor-element elementor-element-64279bc elementor-section-boxed elementor-section-height-default elementor-section-height-default\" data-id=\"64279bc\" data-element_type=\"section\">\n\t\t\t\t\t\t<div class=\"elementor-container elementor-column-gap-default\">\n\t\t\t\t\t<div class=\"elementor-column elementor-col-100 elementor-top-column elementor-element elementor-element-bf55fc5\" data-id=\"bf55fc5\" data-element_type=\"column\">\n\t\t\t<div class=\"elementor-widget-wrap\">\n\t\t\t\t\t\t\t<\/div>\n\t\t<\/div>\n\t\t\t\t\t<\/div>\n\t\t<\/section>\n\t\t\t\t<\/div>\n\t\t","protected":false},"excerpt":{"rendered":"<p>CONSULTORIA VEJA BAIXO COMO NOSSA EMPRESA PODETE AJUDAR E ENCONTRAR UMA SOLU\u00c7\u00c3O Sistemas de Gest\u00e3o Sistemas de Gest\u00e3o parecem desafios que n\u00e3o podem ser vencidos? Acha que isso n\u00e3o funciona em pequenas empresas? Quais s\u00e3o os benef\u00edcios de um Sistema de Gest\u00e3o? Conte com o apoio de um profissional com mais de 25 anos de [&hellip;]<\/p>\n","protected":false},"author":1,"featured_media":0,"parent":0,"menu_order":0,"comment_status":"closed","ping_status":"closed","template":"templates\/page-builder-content.php","meta":[],"yoast_head":"<!-- This site is optimized with the Yoast SEO plugin v20.6 - https:\/\/yoast.com\/wordpress\/plugins\/seo\/ -->\n<title>Consultoria - LUMINA<\/title>\n<meta name=\"robots\" content=\"index, follow, max-snippet:-1, max-image-preview:large, max-video-preview:-1\" \/>\n<link rel=\"canonical\" href=\"https:\/\/luminaconsultoria.net\/inicio\/consultoria\/\" \/>\n<meta property=\"og:locale\" content=\"pt_BR\" \/>\n<meta property=\"og:type\" content=\"article\" \/>\n<meta property=\"og:title\" content=\"Consultoria - LUMINA\" \/>\n<meta property=\"og:description\" content=\"CONSULTORIA VEJA BAIXO COMO NOSSA EMPRESA PODETE AJUDAR E ENCONTRAR UMA SOLU\u00c7\u00c3O Sistemas de Gest\u00e3o Sistemas de Gest\u00e3o parecem desafios que n\u00e3o podem ser vencidos? Acha que isso n\u00e3o funciona em pequenas empresas? Quais s\u00e3o os benef\u00edcios de um Sistema de Gest\u00e3o? Conte com o apoio de um profissional com mais de 25 anos de [&hellip;]\" \/>\n<meta property=\"og:url\" content=\"https:\/\/luminaconsultoria.net\/inicio\/consultoria\/\" \/>\n<meta property=\"og:site_name\" content=\"LUMINA\" \/>\n<meta property=\"article:publisher\" content=\"https:\/\/www.facebook.com\/luminafb\/\" \/>\n<meta property=\"article:modified_time\" content=\"2021-02-14T19:00:10+00:00\" \/>\n<meta property=\"og:image\" content=\"https:\/\/luminaconsultoria.net\/inicio\/wp-content\/uploads\/2021\/02\/mulher02.png\" \/>\n<meta name=\"twitter:card\" content=\"summary_large_image\" \/>\n<meta name=\"twitter:label1\" content=\"Est. tempo de leitura\" \/>\n\t<meta name=\"twitter:data1\" content=\"2 minutos\" \/>\n<script type=\"application\/ld+json\" class=\"yoast-schema-graph\">{\"@context\":\"https:\/\/schema.org\",\"@graph\":[{\"@type\":\"WebPage\",\"@id\":\"https:\/\/luminaconsultoria.net\/inicio\/consultoria\/\",\"url\":\"https:\/\/luminaconsultoria.net\/inicio\/consultoria\/\",\"name\":\"Consultoria - LUMINA\",\"isPartOf\":{\"@id\":\"https:\/\/luminaconsultoria.net\/inicio\/#website\"},\"datePublished\":\"2020-11-14T06:26:12+00:00\",\"dateModified\":\"2021-02-14T19:00:10+00:00\",\"breadcrumb\":{\"@id\":\"https:\/\/luminaconsultoria.net\/inicio\/consultoria\/#breadcrumb\"},\"inLanguage\":\"pt-BR\",\"potentialAction\":[{\"@type\":\"ReadAction\",\"target\":[\"https:\/\/luminaconsultoria.net\/inicio\/consultoria\/\"]}]},{\"@type\":\"BreadcrumbList\",\"@id\":\"https:\/\/luminaconsultoria.net\/inicio\/consultoria\/#breadcrumb\",\"itemListElement\":[{\"@type\":\"ListItem\",\"position\":1,\"name\":\"In\u00edcio\",\"item\":\"https:\/\/luminaconsultoria.net\/inicio\/\"},{\"@type\":\"ListItem\",\"position\":2,\"name\":\"Consultoria\"}]},{\"@type\":\"WebSite\",\"@id\":\"https:\/\/luminaconsultoria.net\/inicio\/#website\",\"url\":\"https:\/\/luminaconsultoria.net\/inicio\/\",\"name\":\"LUMINA\",\"description\":\"Consultoria e Treinamento em Gest&atilde;o\",\"publisher\":{\"@id\":\"https:\/\/luminaconsultoria.net\/inicio\/#organization\"},\"potentialAction\":[{\"@type\":\"SearchAction\",\"target\":{\"@type\":\"EntryPoint\",\"urlTemplate\":\"https:\/\/luminaconsultoria.net\/inicio\/?s={search_term_string}\"},\"query-input\":\"required name=search_term_string\"}],\"inLanguage\":\"pt-BR\"},{\"@type\":\"Organization\",\"@id\":\"https:\/\/luminaconsultoria.net\/inicio\/#organization\",\"name\":\"LUMINA - Consultoria e Treinamento em Gest\u00e3o\",\"url\":\"https:\/\/luminaconsultoria.net\/inicio\/\",\"logo\":{\"@type\":\"ImageObject\",\"inLanguage\":\"pt-BR\",\"@id\":\"https:\/\/luminaconsultoria.net\/inicio\/#\/schema\/logo\/image\/\",\"url\":\"https:\/\/luminaconsultoria.net\/inicio\/wp-content\/uploads\/2021\/02\/Logo-Lumina_branca250-1.png\",\"contentUrl\":\"https:\/\/luminaconsultoria.net\/inicio\/wp-content\/uploads\/2021\/02\/Logo-Lumina_branca250-1.png\",\"width\":250,\"height\":69,\"caption\":\"LUMINA - Consultoria e Treinamento em Gest\u00e3o\"},\"image\":{\"@id\":\"https:\/\/luminaconsultoria.net\/inicio\/#\/schema\/logo\/image\/\"},\"sameAs\":[\"https:\/\/www.facebook.com\/luminafb\/\",\"https:\/\/www.instagram.com\/lumina_consultoria\/\"]}]}<\/script>\n<!-- \/ Yoast SEO plugin. -->","yoast_head_json":{"title":"Consultoria - LUMINA","robots":{"index":"index","follow":"follow","max-snippet":"max-snippet:-1","max-image-preview":"max-image-preview:large","max-video-preview":"max-video-preview:-1"},"canonical":"https:\/\/luminaconsultoria.net\/inicio\/consultoria\/","og_locale":"pt_BR","og_type":"article","og_title":"Consultoria - LUMINA","og_description":"CONSULTORIA VEJA BAIXO COMO NOSSA EMPRESA PODETE AJUDAR E ENCONTRAR UMA SOLU\u00c7\u00c3O Sistemas de Gest\u00e3o Sistemas de Gest\u00e3o parecem desafios que n\u00e3o podem ser vencidos? Acha que isso n\u00e3o funciona em pequenas empresas? Quais s\u00e3o os benef\u00edcios de um Sistema de Gest\u00e3o? Conte com o apoio de um profissional com mais de 25 anos de [&hellip;]","og_url":"https:\/\/luminaconsultoria.net\/inicio\/consultoria\/","og_site_name":"LUMINA","article_publisher":"https:\/\/www.facebook.com\/luminafb\/","article_modified_time":"2021-02-14T19:00:10+00:00","og_image":[{"url":"https:\/\/luminaconsultoria.net\/inicio\/wp-content\/uploads\/2021\/02\/mulher02.png"}],"twitter_card":"summary_large_image","twitter_misc":{"Est. tempo de leitura":"2 minutos"},"schema":{"@context":"https:\/\/schema.org","@graph":[{"@type":"WebPage","@id":"https:\/\/luminaconsultoria.net\/inicio\/consultoria\/","url":"https:\/\/luminaconsultoria.net\/inicio\/consultoria\/","name":"Consultoria - LUMINA","isPartOf":{"@id":"https:\/\/luminaconsultoria.net\/inicio\/#website"},"datePublished":"2020-11-14T06:26:12+00:00","dateModified":"2021-02-14T19:00:10+00:00","breadcrumb":{"@id":"https:\/\/luminaconsultoria.net\/inicio\/consultoria\/#breadcrumb"},"inLanguage":"pt-BR","potentialAction":[{"@type":"ReadAction","target":["https:\/\/luminaconsultoria.net\/inicio\/consultoria\/"]}]},{"@type":"BreadcrumbList","@id":"https:\/\/luminaconsultoria.net\/inicio\/consultoria\/#breadcrumb","itemListElement":[{"@type":"ListItem","position":1,"name":"In\u00edcio","item":"https:\/\/luminaconsultoria.net\/inicio\/"},{"@type":"ListItem","position":2,"name":"Consultoria"}]},{"@type":"WebSite","@id":"https:\/\/luminaconsultoria.net\/inicio\/#website","url":"https:\/\/luminaconsultoria.net\/inicio\/","name":"LUMINA","description":"Consultoria e Treinamento em Gest&atilde;o","publisher":{"@id":"https:\/\/luminaconsultoria.net\/inicio\/#organization"},"potentialAction":[{"@type":"SearchAction","target":{"@type":"EntryPoint","urlTemplate":"https:\/\/luminaconsultoria.net\/inicio\/?s={search_term_string}"},"query-input":"required name=search_term_string"}],"inLanguage":"pt-BR"},{"@type":"Organization","@id":"https:\/\/luminaconsultoria.net\/inicio\/#organization","name":"LUMINA - Consultoria e Treinamento em Gest\u00e3o","url":"https:\/\/luminaconsultoria.net\/inicio\/","logo":{"@type":"ImageObject","inLanguage":"pt-BR","@id":"https:\/\/luminaconsultoria.net\/inicio\/#\/schema\/logo\/image\/","url":"https:\/\/luminaconsultoria.net\/inicio\/wp-content\/uploads\/2021\/02\/Logo-Lumina_branca250-1.png","contentUrl":"https:\/\/luminaconsultoria.net\/inicio\/wp-content\/uploads\/2021\/02\/Logo-Lumina_branca250-1.png","width":250,"height":69,"caption":"LUMINA - Consultoria e Treinamento em Gest\u00e3o"},"image":{"@id":"https:\/\/luminaconsultoria.net\/inicio\/#\/schema\/logo\/image\/"},"sameAs":["https:\/\/www.facebook.com\/luminafb\/","https:\/\/www.instagram.com\/lumina_consultoria\/"]}]}},"_links":{"self":[{"href":"https:\/\/luminaconsultoria.net\/inicio\/wp-json\/wp\/v2\/pages\/269"}],"collection":[{"href":"https:\/\/luminaconsultoria.net\/inicio\/wp-json\/wp\/v2\/pages"}],"about":[{"href":"https:\/\/luminaconsultoria.net\/inicio\/wp-json\/wp\/v2\/types\/page"}],"author":[{"embeddable":true,"href":"https:\/\/luminaconsultoria.net\/inicio\/wp-json\/wp\/v2\/users\/1"}],"replies":[{"embeddable":true,"href":"https:\/\/luminaconsultoria.net\/inicio\/wp-json\/wp\/v2\/comments?post=269"}],"version-history":[{"count":254,"href":"https:\/\/luminaconsultoria.net\/inicio\/wp-json\/wp\/v2\/pages\/269\/revisions"}],"predecessor-version":[{"id":1569,"href":"https:\/\/luminaconsultoria.net\/inicio\/wp-json\/wp\/v2\/pages\/269\/revisions\/1569"}],"wp:attachment":[{"href":"https:\/\/luminaconsultoria.net\/inicio\/wp-json\/wp\/v2\/media?parent=269"}],"curies":[{"name":"wp","href":"https:\/\/api.w.org\/{rel}","templated":true}]}}